{"id":121,"date":"2025-11-10T14:26:34","date_gmt":"2025-11-10T17:26:34","guid":{"rendered":"https:\/\/mpgpp.unilab.edu.br\/?page_id=121"},"modified":"2025-11-10T14:45:28","modified_gmt":"2025-11-10T17:45:28","slug":"missao-e-visao","status":"publish","type":"page","link":"https:\/\/mpgpp.unilab.edu.br\/?page_id=121","title":{"rendered":"Miss\u00e3o e Vis\u00e3o"},"content":{"rendered":"\n<p><strong>Miss\u00e3o<\/strong><br>O Mestrado Profissional em Governan\u00e7a e Pol\u00edticas P\u00fablicas da UNILAB tem como miss\u00e3o<br>integrar duas \u00e1reas de conhecimento das humanidades, a saber Ci\u00eancias Sociais e<br>Rela\u00e7\u00f5es Internacionais com o prop\u00f3sito de oferecer uma capacita\u00e7\u00e3o pr\u00e1tica, hol\u00edstica e<br>cr\u00edtica aos egressos nas diversas gradua\u00e7\u00f5es do Instituto em Humanidades e Letras, bem<br>como \u00e0 comunidade na regi\u00e3o do Rec\u00f4ncavo Baiano.<\/p>\n\n\n\n<p><strong>Vis\u00e3o<\/strong><br>O fortalecimento profissional da comunidade acad\u00eamica e t\u00e9cnica permitir\u00e1 aprimorar a<br>presta\u00e7\u00e3o de servi\u00e7os p\u00fablicos e privados, tornando o mestrado uma refer\u00eancia regional<br>em capacita\u00e7\u00e3o na \u00e1rea de governan\u00e7a e pol\u00edticas p\u00fablicas.<\/p>\n","protected":false},"excerpt":{"rendered":"<p>Miss\u00e3oO Mestrado Profissional em Governan\u00e7a e Pol\u00edticas P\u00fablicas da UNILAB tem como miss\u00e3ointegrar duas \u00e1reas de conhecimento das humanidades, a saber Ci\u00eancias Sociais eRela\u00e7\u00f5es Internacionais com o prop\u00f3sito de oferecer uma capacita\u00e7\u00e3o pr\u00e1tica, hol\u00edstica ecr\u00edtica aos egressos nas diversas gradua\u00e7\u00f5es do Instituto em Humanidades e Letras, bemcomo \u00e0 comunidade na regi\u00e3o do Rec\u00f4ncavo Baiano. Vis\u00e3oO [&hellip;]<\/p>\n","protected":false},"author":3,"featured_media":0,"parent":0,"menu_order":0,"comment_status":"closed","ping_status":"closed","template":"","meta":{"footnotes":""},"class_list":["post-121","page","type-page","status-publish","hentry"],"_links":{"self":[{"href":"https:\/\/mpgpp.unilab.edu.br\/index.php?rest_route=\/wp\/v2\/pages\/121","targetHints":{"allow":["GET"]}}],"collection":[{"href":"https:\/\/mpgpp.unilab.edu.br\/index.php?rest_route=\/wp\/v2\/pages"}],"about":[{"href":"https:\/\/mpgpp.unilab.edu.br\/index.php?rest_route=\/wp\/v2\/types\/page"}],"author":[{"embeddable":true,"href":"https:\/\/mpgpp.unilab.edu.br\/index.php?rest_route=\/wp\/v2\/users\/3"}],"replies":[{"embeddable":true,"href":"https:\/\/mpgpp.unilab.edu.br\/index.php?rest_route=%2Fwp%2Fv2%2Fcomments&post=121"}],"version-history":[{"count":2,"href":"https:\/\/mpgpp.unilab.edu.br\/index.php?rest_route=\/wp\/v2\/pages\/121\/revisions"}],"predecessor-version":[{"id":151,"href":"https:\/\/mpgpp.unilab.edu.br\/index.php?rest_route=\/wp\/v2\/pages\/121\/revisions\/151"}],"wp:attachment":[{"href":"https:\/\/mpgpp.unilab.edu.br\/index.php?rest_route=%2Fwp%2Fv2%2Fmedia&parent=121"}],"curies":[{"name":"wp","href":"https:\/\/api.w.org\/{rel}","templated":true}]}}