{"id":122,"date":"2025-11-10T14:26:34","date_gmt":"2025-11-10T17:26:34","guid":{"rendered":"https:\/\/mpgpp.unilab.edu.br\/?page_id=122"},"modified":"2025-11-10T15:06:11","modified_gmt":"2025-11-10T18:06:11","slug":"linhas-de-pesquisa","status":"publish","type":"page","link":"https:\/\/mpgpp.unilab.edu.br\/?page_id=122","title":{"rendered":"Linhas de Pesquisa"},"content":{"rendered":"\n<details class=\"wp-block-details is-layout-flow wp-block-details-is-layout-flow\"><summary><strong>Linha 1. Estado, Pol\u00edtica Comparada e An\u00e1lise de Pol\u00edticas P\u00fablicas<\/strong><\/summary>\n<p>A linha de pesquisa est\u00e1 articulada em dois eixos, contemplando estudos comparados e de casos. No primeiro eixo, as pesquisas enfocam a estrutura do desenho institucional e seus efeitos sobre os processos decis\u00f3rios, abrangendo os partidos e sistemas partid\u00e1rios, as elei\u00e7\u00f5es, o sistema eleitoral, as rela\u00e7\u00f5es entre os poderes, a produ\u00e7\u00e3o legislativa, os executivos, os tribunais, as din\u00e2micas horizontais e verticais dos governos, a burocracia p\u00fablica e os regimes pol\u00edticos. No segundo eixo, as pesquisas abrangem os processos de formula\u00e7\u00e3o, implementa\u00e7\u00e3o e execu\u00e7\u00e3o e avalia\u00e7\u00e3o de pol\u00edticas p\u00fablicas, nos diferentes enfoques nacional e subnacionais, bem como em perspectiva comparada com outros pa\u00edses.<\/p>\n\n\n\n<p><\/p>\n<\/details>\n\n\n\n<details class=\"wp-block-details is-layout-flow wp-block-details-is-layout-flow\"><summary><strong>Linha 2. Coopera\u00e7\u00e3o Internacional para o Desenvolvimento e Difus\u00e3o de Pol\u00edticas<br>P\u00fablicas<\/strong><\/summary>\n<p>Esta linha de pesquisa foca nas pr\u00e1ticas de coopera\u00e7\u00e3o internacional para o desenvolvimento a partir dos estudos da estrutura (normas, regras, institui\u00e7\u00f5es, diferen\u00e7as de capacidades de poder), dos agentes (Estados-nacionais, organismos bilaterais e multilaterais, organiza\u00e7\u00f5es da sociedade civil e outras) e\/ou tamb\u00e9m das modalidades (t\u00e9cnica, cient\u00edfica, tecnol\u00f3gica, doa\u00e7\u00f5es etc.). Levam-se em considera\u00e7\u00e3o as<br>pr\u00e1ticas assim como a diversidade nos discursos e nos entendimentos a respeito do desenvolvimento (em particular na diferencia\u00e7\u00e3o Norte-Sul) para produzir uma an\u00e1lise pol\u00edtica das din\u00e2micas internacionais de coopera\u00e7\u00e3o. Transversalmente, prop\u00f5e-se refletir a din\u00e2mica da difus\u00e3o de pol\u00edticas p\u00fablicas, com \u00eanfase nas agendas de pol\u00edtica externa, internacionaliza\u00e7\u00e3o das pol\u00edticas brasileiras, nas rela\u00e7\u00f5es interburocr\u00e1ticas e na incid\u00eancia de atores da sociedade civil.<\/p>\n<\/details>\n\n\n\n<details class=\"wp-block-details is-layout-flow wp-block-details-is-layout-flow\"><summary><strong>Linha 3. Participa\u00e7\u00e3o Pol\u00edtica, Governan\u00e7a e Territ\u00f3rio<\/strong><\/summary>\n<p>A linha de pesquisa volta-se ao estudo das din\u00e2micas de poder e conflito na produ\u00e7\u00e3o de pol\u00edticas p\u00fablicas e arranjos de governan\u00e7a que envolvam m\u00faltiplos agentes (estatais, privados e da sociedade civil) e m\u00faltiplas escalas de interven\u00e7\u00e3o (municipal, estadual, nacional e internacional) no enfrentamento de quest\u00f5es sociais e ambientais, regionais e urbanas. Considerando o emaranhado das formas de regula\u00e7\u00e3o e a rede de organiza\u00e7\u00f5es, burocracias e atores envolvidos nestes processos, especial aten\u00e7\u00e3o ser\u00e1 dada aos fen\u00f4menos de difus\u00e3o de poder e luta por direitos, por meio de an\u00e1lises territorialmente situadas que estabele\u00e7am media\u00e7\u00f5es capazes de articular e deslocar as usuais oposi\u00e7\u00f5es entre local e global, p\u00fablico e privado, desenvolvimento e subdesenvolvimento, Norte e Sul Global. A linha inclui pesquisas sobre participa\u00e7\u00e3o social, direitos humanos e direitos ambientais, redes de advocacy e ativismos transnacionais, acesso \u00e0 justi\u00e7a e aos servi\u00e7os p\u00fablicos, desigualdades raciais e de g\u00eanero, ecologia pol\u00edtica e impactos do desenvolvimento.<\/p>\n<\/details>\n","protected":false},"excerpt":{"rendered":"","protected":false},"author":3,"featured_media":0,"parent":0,"menu_order":0,"comment_status":"closed","ping_status":"closed","template":"","meta":{"footnotes":""},"class_list":["post-122","page","type-page","status-publish","hentry"],"_links":{"self":[{"href":"https:\/\/mpgpp.unilab.edu.br\/index.php?rest_route=\/wp\/v2\/pages\/122","targetHints":{"allow":["GET"]}}],"collection":[{"href":"https:\/\/mpgpp.unilab.edu.br\/index.php?rest_route=\/wp\/v2\/pages"}],"about":[{"href":"https:\/\/mpgpp.unilab.edu.br\/index.php?rest_route=\/wp\/v2\/types\/page"}],"author":[{"embeddable":true,"href":"https:\/\/mpgpp.unilab.edu.br\/index.php?rest_route=\/wp\/v2\/users\/3"}],"replies":[{"embeddable":true,"href":"https:\/\/mpgpp.unilab.edu.br\/index.php?rest_route=%2Fwp%2Fv2%2Fcomments&post=122"}],"version-history":[{"count":9,"href":"https:\/\/mpgpp.unilab.edu.br\/index.php?rest_route=\/wp\/v2\/pages\/122\/revisions"}],"predecessor-version":[{"id":175,"href":"https:\/\/mpgpp.unilab.edu.br\/index.php?rest_route=\/wp\/v2\/pages\/122\/revisions\/175"}],"wp:attachment":[{"href":"https:\/\/mpgpp.unilab.edu.br\/index.php?rest_route=%2Fwp%2Fv2%2Fmedia&parent=122"}],"curies":[{"name":"wp","href":"https:\/\/api.w.org\/{rel}","templated":true}]}}